{"id":961,"date":"2021-03-17T23:38:31","date_gmt":"2021-03-17T22:38:31","guid":{"rendered":"https:\/\/kunstvermittlung.uni-erfurt.de\/ws20\/?page_id=961"},"modified":"2021-04-07T21:53:00","modified_gmt":"2021-04-07T19:53:00","slug":"diskussionsforum_schink","status":"publish","type":"page","link":"https:\/\/kunstvermittlung.uni-erfurt.de\/ws20\/diskussionsforum_schink\/","title":{"rendered":"Diskussionsforum"},"content":{"rendered":"\n<p>Dieses Diskussionsforum wurde eingerichtet, um Euch zum Thema Dokumentarfotografie, Fotografie als Kunstform, aber auch \u00fcber die Fotografie im Zeitalter der Reiz\u00fcberflutung auszutauschen. <\/p>\n\n\n\n<p>Was macht f\u00fcr euch Dokumentarfotografie aus?  <\/p>\n\n\n\n<p>Ist Fotografie Kunst? Ist dokumentarische Fotografie eine Art der k\u00fcnstlerischen Darstellung?<\/p>\n\n\n\n<p>Was vertretet Ihr f\u00fcr eine Meinung zur Bilderflut in digitalen Netzwerken? <\/p>\n\n\n\n<p><\/p>\n","protected":false},"excerpt":{"rendered":"<p>Dieses Diskussionsforum wurde eingerichtet, um Euch zum Thema Dokumentarfotografie, Fotografie als Kunstform, aber auch \u00fcber die Fotografie im Zeitalter der Reiz\u00fcberflutung auszutauschen. Was macht f\u00fcr euch Dokumentarfotografie aus? Ist Fotografie Kunst? Ist dokumentarische Fotografie eine Art der k\u00fcnstlerischen Darstellung? Was vertretet Ihr f\u00fcr eine Meinung zur Bilderflut in digitalen Netzwerken?<\/p>\n","protected":false},"author":6,"featured_media":122,"parent":0,"menu_order":0,"comment_status":"open","ping_status":"closed","template":"resume-page-template.php","meta":[],"_links":{"self":[{"href":"https:\/\/kunstvermittlung.uni-erfurt.de\/ws20\/wp-json\/wp\/v2\/pages\/961"}],"collection":[{"href":"https:\/\/kunstvermittlung.uni-erfurt.de\/ws20\/wp-json\/wp\/v2\/pages"}],"about":[{"href":"https:\/\/kunstvermittlung.uni-erfurt.de\/ws20\/wp-json\/wp\/v2\/types\/page"}],"author":[{"embeddable":true,"href":"https:\/\/kunstvermittlung.uni-erfurt.de\/ws20\/wp-json\/wp\/v2\/users\/6"}],"replies":[{"embeddable":true,"href":"https:\/\/kunstvermittlung.uni-erfurt.de\/ws20\/wp-json\/wp\/v2\/comments?post=961"}],"version-history":[{"count":8,"href":"https:\/\/kunstvermittlung.uni-erfurt.de\/ws20\/wp-json\/wp\/v2\/pages\/961\/revisions"}],"predecessor-version":[{"id":1287,"href":"https:\/\/kunstvermittlung.uni-erfurt.de\/ws20\/wp-json\/wp\/v2\/pages\/961\/revisions\/1287"}],"wp:featuredmedia":[{"embeddable":true,"href":"https:\/\/kunstvermittlung.uni-erfurt.de\/ws20\/wp-json\/wp\/v2\/media\/122"}],"wp:attachment":[{"href":"https:\/\/kunstvermittlung.uni-erfurt.de\/ws20\/wp-json\/wp\/v2\/media?parent=961"}],"curies":[{"name":"wp","href":"https:\/\/api.w.org\/{rel}","templated":true}]}}