{"id":812,"date":"2021-03-17T12:48:52","date_gmt":"2021-03-17T11:48:52","guid":{"rendered":"https:\/\/kunstvermittlung.uni-erfurt.de\/ws20\/?page_id=812"},"modified":"2021-05-19T11:15:11","modified_gmt":"2021-05-19T09:15:11","slug":"zur-ausstellung-und-kuratorischem-konzept","status":"publish","type":"page","link":"https:\/\/kunstvermittlung.uni-erfurt.de\/ws20\/zur-ausstellung-und-kuratorischem-konzept\/","title":{"rendered":"Zur Ausstellung und kuratorischem Konzept"},"content":{"rendered":"\n<figure class=\"wp-block-image size-large\"><img loading=\"lazy\" width=\"1024\" height=\"473\" src=\"https:\/\/kunstvermittlung.uni-erfurt.de\/ws20\/wp-content\/uploads\/2021\/03\/IMG_20210317_0001-1024x473.jpg\" alt=\"\" class=\"wp-image-858\" srcset=\"https:\/\/kunstvermittlung.uni-erfurt.de\/ws20\/wp-content\/uploads\/2021\/03\/IMG_20210317_0001-1024x473.jpg 1024w, https:\/\/kunstvermittlung.uni-erfurt.de\/ws20\/wp-content\/uploads\/2021\/03\/IMG_20210317_0001-300x139.jpg 300w, https:\/\/kunstvermittlung.uni-erfurt.de\/ws20\/wp-content\/uploads\/2021\/03\/IMG_20210317_0001-768x355.jpg 768w, https:\/\/kunstvermittlung.uni-erfurt.de\/ws20\/wp-content\/uploads\/2021\/03\/IMG_20210317_0001-1536x709.jpg 1536w, https:\/\/kunstvermittlung.uni-erfurt.de\/ws20\/wp-content\/uploads\/2021\/03\/IMG_20210317_0001-2048x946.jpg 2048w, https:\/\/kunstvermittlung.uni-erfurt.de\/ws20\/wp-content\/uploads\/2021\/03\/IMG_20210317_0001-1200x554.jpg 1200w, https:\/\/kunstvermittlung.uni-erfurt.de\/ws20\/wp-content\/uploads\/2021\/03\/IMG_20210317_0001-600x277.jpg 600w\" sizes=\"(max-width: 1024px) 100vw, 1024px\" \/><\/figure>\n\n\n\n<p>Die Ausstellung des Erfurter Kunstvereins in Kooperation mit der Kunsthalle Erfurt, die nach Absage durch die Stadtverwaltung Erfurt spendenbasiert durch den Erfurter Kunstverein, sowie verschiedenen F\u00f6rderern und Sponsoren dennoch realisiert werden konnte, zeigt verschiedene fotografische Werke des aus Th\u00fcringen stammenden Fotok\u00fcnstler Hans-Christian Schink. Vereint werden hierbei vom K\u00fcnstler selbst gew\u00e4hlte Aufnahmen, wie seine Serien \u201eVerkehrsprojekte Deutsche Einheit\u201c, \u201eLA\u201c oder &#8222;1h&#8220; und \u201eHinterland\u201c und weitere.<\/p>\n\n\n\n<p>Bei der Pr\u00e4sentation der Werke Schinks, die in ihrem Format sehr unterschiedlich sind und Landschaften im Spannungsfeld von Natur und Zivilisation thematisieren, wurden die Serien auf den vier verschiedenen Ebenen des Kunsthauses r\u00e4umliche abgegrenzt.<\/p>\n\n\n\n<p>Auf der ersten Ebene werden Arbeiten von 1997-2000, \u201eVerkehrsprojekte Deutsche Einheit\u201c (1995-2003), \u201eT\u00f5hoku\u201c (2012), \u201eEstancias Jesu\u00edticas\u201c (2007), sowie \u201eFeldsteinkirchen der Prignitz\u201c (1993) gezeigt.<\/p>\n\n\n\n<p>In einem kleinen Bereich der Ebene zwei, sind Werke aus \u201eFl\u00e4ming\u201c (1997), \u201eNiigata\u201c (2009) und \u201eHinterland\u201c (2012-2019) zu sehen.<\/p>\n\n\n\n<p>LA.Night (2002-2003), Kochi Nights (2016), 1 h (2003-2010), sowie LA (2002-2003), \u201eEUR\u201c (2014), \u201eAqua Claudia\u201c (2014), \u201eArles\u201c (1990), \u201eVon Leipzig nach G\u00fcnthersdorf\u201c (1993) und \u201eBurma\u201c (2013-2016) sind auf der dritten und vierten Ebene zu finden.<\/p>\n\n\n\n<p class=\"has-text-align-right\">~ S.Igel \/ L.Schirrmeister ~<\/p>\n\n\n\n<p><\/p>\n\n\n\n<p>Weitere Informationen zur Ausstellung:<\/p>\n\n\n\n<div class=\"wp-block-group\"><div class=\"wp-block-group__inner-container\">\n<div class=\"wp-block-columns\">\n<div class=\"wp-block-column is-vertically-aligned-center\" style=\"flex-basis:100%\">\n<div class=\"wp-block-columns\">\n<div class=\"wp-block-column\" style=\"flex-basis:50%\">\n<p>Erfurter Kunstverein<br>c\/o Kunsthalle Erfurt<br>Fischmarkt 7<br>99084 Erfurt<\/p>\n\n\n\n<p>Kontakt<br>info@erfurter-kunstverein.de<br>Internetpr\u00e4senz<br><a href=\"https:\/\/www.erfurter-kunstverein.de\/ausstellungen\/aktuell\/\" target=\"_blank\" rel=\"noreferrer noopener\">https:\/\/www.erfurter-kunstverein.de\/ausstellungen\/aktuell\/<\/a><\/p>\n<\/div>\n\n\n\n<div class=\"wp-block-column\">\n<figure class=\"wp-block-image size-large is-resized\"><img loading=\"lazy\" src=\"https:\/\/erfurt-touristinformation.de\/cms\/wp-content\/gallery\/altstadt-impressionen\/Erfurt-Kunsthalle.jpg\" alt=\"\" width=\"333\" height=\"288\"\/><\/figure>\n<\/div>\n<\/div>\n<\/div>\n<\/div>\n<\/div><\/div>\n\n\n\n<div class=\"wp-block-columns\">\n<div class=\"wp-block-column\" style=\"flex-basis:64%\"><\/div>\n\n\n\n<div class=\"wp-block-column\">\n<div class=\"wp-block-buttons\"><\/div>\n\n\n\n<div class=\"wp-block-buttons\"><\/div>\n\n\n\n<p><\/p>\n<\/div>\n<\/div>\n","protected":false},"excerpt":{"rendered":"<p>Die Ausstellung des Erfurter Kunstvereins in Kooperation mit der Kunsthalle Erfurt, die nach Absage durch die Stadtverwaltung Erfurt spendenbasiert durch den Erfurter Kunstverein, sowie verschiedenen F\u00f6rderern und Sponsoren dennoch realisiert werden konnte, zeigt verschiedene fotografische Werke des aus Th\u00fcringen stammenden Fotok\u00fcnstler Hans-Christian Schink. Vereint werden hierbei vom K\u00fcnstler selbst gew\u00e4hlte Aufnahmen, wie seine Serien \u201eVerkehrsprojekte [&hellip;]<\/p>\n","protected":false},"author":6,"featured_media":0,"parent":0,"menu_order":0,"comment_status":"closed","ping_status":"closed","template":"","meta":[],"_links":{"self":[{"href":"https:\/\/kunstvermittlung.uni-erfurt.de\/ws20\/wp-json\/wp\/v2\/pages\/812"}],"collection":[{"href":"https:\/\/kunstvermittlung.uni-erfurt.de\/ws20\/wp-json\/wp\/v2\/pages"}],"about":[{"href":"https:\/\/kunstvermittlung.uni-erfurt.de\/ws20\/wp-json\/wp\/v2\/types\/page"}],"author":[{"embeddable":true,"href":"https:\/\/kunstvermittlung.uni-erfurt.de\/ws20\/wp-json\/wp\/v2\/users\/6"}],"replies":[{"embeddable":true,"href":"https:\/\/kunstvermittlung.uni-erfurt.de\/ws20\/wp-json\/wp\/v2\/comments?post=812"}],"version-history":[{"count":11,"href":"https:\/\/kunstvermittlung.uni-erfurt.de\/ws20\/wp-json\/wp\/v2\/pages\/812\/revisions"}],"predecessor-version":[{"id":1452,"href":"https:\/\/kunstvermittlung.uni-erfurt.de\/ws20\/wp-json\/wp\/v2\/pages\/812\/revisions\/1452"}],"wp:attachment":[{"href":"https:\/\/kunstvermittlung.uni-erfurt.de\/ws20\/wp-json\/wp\/v2\/media?parent=812"}],"curies":[{"name":"wp","href":"https:\/\/api.w.org\/{rel}","templated":true}]}}