{"id":217,"date":"2021-02-15T13:14:29","date_gmt":"2021-02-15T12:14:29","guid":{"rendered":"https:\/\/kunstvermittlung.uni-erfurt.de\/ws20\/?page_id=217"},"modified":"2021-05-19T11:35:00","modified_gmt":"2021-05-19T09:35:00","slug":"volker-stelzmann","status":"publish","type":"page","link":"https:\/\/kunstvermittlung.uni-erfurt.de\/ws20\/volker-stelzmann\/","title":{"rendered":"Volker Stelzmann"},"content":{"rendered":"\n<div class=\"wp-block-buttons\"><\/div>\n\n\n\n<div class=\"wp-block-media-text alignwide has-media-on-the-right is-stacked-on-mobile is-vertically-aligned-top\" style=\"grid-template-columns:auto 40%\"><figure class=\"wp-block-media-text__media\"><img loading=\"lazy\" width=\"549\" height=\"1024\" src=\"https:\/\/kunstvermittlung.uni-erfurt.de\/ws20\/wp-content\/uploads\/2021\/03\/10C61299-5AB7-49EE-8AE7-2DA611F1BA3A-549x1024.jpeg\" alt=\"\" class=\"wp-image-293 size-full\" srcset=\"https:\/\/kunstvermittlung.uni-erfurt.de\/ws20\/wp-content\/uploads\/2021\/03\/10C61299-5AB7-49EE-8AE7-2DA611F1BA3A-549x1024.jpeg 549w, https:\/\/kunstvermittlung.uni-erfurt.de\/ws20\/wp-content\/uploads\/2021\/03\/10C61299-5AB7-49EE-8AE7-2DA611F1BA3A-161x300.jpeg 161w, https:\/\/kunstvermittlung.uni-erfurt.de\/ws20\/wp-content\/uploads\/2021\/03\/10C61299-5AB7-49EE-8AE7-2DA611F1BA3A-768x1431.jpeg 768w, https:\/\/kunstvermittlung.uni-erfurt.de\/ws20\/wp-content\/uploads\/2021\/03\/10C61299-5AB7-49EE-8AE7-2DA611F1BA3A-824x1536.jpeg 824w, https:\/\/kunstvermittlung.uni-erfurt.de\/ws20\/wp-content\/uploads\/2021\/03\/10C61299-5AB7-49EE-8AE7-2DA611F1BA3A-600x1118.jpeg 600w, https:\/\/kunstvermittlung.uni-erfurt.de\/ws20\/wp-content\/uploads\/2021\/03\/10C61299-5AB7-49EE-8AE7-2DA611F1BA3A.jpeg 845w\" sizes=\"(max-width: 549px) 100vw, 549px\" \/><\/figure><div class=\"wp-block-media-text__content\">\n<p class=\"has-normal-font-size\">Volker Stelzmann z\u00e4hlt seit Jahrzehnten zu den wichtigsten fig\u00fcrlichen Malern und Grafikern im deutschsprachigen Raum. Aus seiner Biografie l\u00e4sst sich schlie\u00dfen, dass er der zweiten Generation der Leipziger Schule zugeh\u00f6rig ist. Konstant bewegt er sich zwischen seinem Atelier, das er \u201eWerkstatt\u201c nennt und dem Menschenleben in der Stadt hin und her, sowie auch der europ\u00e4ischen Kunstgeschichte und unserer Gegenwart. Seine Bildideen \u00e4u\u00dfert er im kontinuierlichen Dialog mit K\u00fcnstlern aus der Weimarer Republik, der Epoche der Gotik, der Renaissance und des Barocks. <br><\/p>\n\n\n\n<p class=\"has-small-font-size\"><span class=\"has-inline-color has-light-gray-color\">\u201e<em>Konspiration II\u201c<\/em>, 1991, Mischtechnik auf MDF- Platte, 180&#215;100 cm. Leihgabe und Foto: Privatbesitz.<\/span><\/p>\n\n\n\n<p class=\"has-text-align-left\"><\/p>\n\n\n\n<hr class=\"wp-block-separator\"\/>\n<\/div><\/div>\n\n\n\n<div class=\"wp-block-image is-style-default\"><figure class=\"aligncenter size-large\"><img loading=\"lazy\" width=\"767\" height=\"1024\" src=\"https:\/\/kunstvermittlung.uni-erfurt.de\/ws20\/wp-content\/uploads\/2021\/03\/AB253D05-D4C5-4140-AE42-AE7B76E8B0AB-767x1024.jpeg\" alt=\"\" class=\"wp-image-317\" srcset=\"https:\/\/kunstvermittlung.uni-erfurt.de\/ws20\/wp-content\/uploads\/2021\/03\/AB253D05-D4C5-4140-AE42-AE7B76E8B0AB-767x1024.jpeg 767w, https:\/\/kunstvermittlung.uni-erfurt.de\/ws20\/wp-content\/uploads\/2021\/03\/AB253D05-D4C5-4140-AE42-AE7B76E8B0AB-225x300.jpeg 225w, https:\/\/kunstvermittlung.uni-erfurt.de\/ws20\/wp-content\/uploads\/2021\/03\/AB253D05-D4C5-4140-AE42-AE7B76E8B0AB-768x1026.jpeg 768w, https:\/\/kunstvermittlung.uni-erfurt.de\/ws20\/wp-content\/uploads\/2021\/03\/AB253D05-D4C5-4140-AE42-AE7B76E8B0AB-1150x1536.jpeg 1150w, https:\/\/kunstvermittlung.uni-erfurt.de\/ws20\/wp-content\/uploads\/2021\/03\/AB253D05-D4C5-4140-AE42-AE7B76E8B0AB-600x801.jpeg 600w, https:\/\/kunstvermittlung.uni-erfurt.de\/ws20\/wp-content\/uploads\/2021\/03\/AB253D05-D4C5-4140-AE42-AE7B76E8B0AB.jpeg 1198w\" sizes=\"(max-width: 767px) 100vw, 767px\" \/><\/figure><\/div>\n\n\n\n<p class=\"has-small-font-size\"><span class=\"has-inline-color has-light-gray-color\"><em>\u201cSelbstbildnis, linkes Auge geschlossen\u201c,<\/em> 2015, Mischtechnik auf MDF- Platte, 68 x 52 cm. Foto: Privatbesitz Stelzmann.<\/span><\/p>\n\n\n\n<p>Neben seinen Atelierbildern entstehen auch Selbstbildnisse, die Stelzmanns Befragung zur eigenen Position und den Konstellationen, denen er sich als K\u00fcnstler unserer Zeit ausgesetzt f\u00fchlt, widerspiegelt. Er richtet sein Augenmerk auf den Menschen in seiner urban- modernen Verfassung, dazu nutzt er eine un\u00fcberschaubare Anzahl von Individualisten, welche in engen R\u00e4umen aufeinanderprallen, sich ineinander verhaken, ohne den Anderen jedoch wirklich zu begegnen. Eine Spannung wird unter der Oberfl\u00e4che der Bilder ersichtlich, durch die Nutzung der Bildelemente wie Lichtf\u00fchrung, Hell- Dunkel- Kontraste und pointierten Einsatz der Farbe um die Isolation und Desorientierung der Figuren voneinander hervorzuheben.<\/p>\n\n\n\n<p class=\"has-small-font-size\"><\/p>\n\n\n\n<hr class=\"wp-block-separator\"\/>\n\n\n\n<p>Auch zentrale Motive der christlichen Ikonographie eignete sich Stelzmann an, zum Beispiel das Abendmahl und die Kreuzabnahme, die Totenklage (Piet\u00e0) und die Auferstehung. Damit sprengte er die damalige gesellschaftliche Forderung an ihn selbst als K\u00fcnstler, der ein bestimmtes Menschenbild formen sollte. Zudem fand er hier bereits beeinflusste Bildformulierungen vor, die auf wesentliche Erfahrungen eines jeden Einzelnen von uns reagieren.<\/p>\n\n\n\n<div class=\"wp-block-image is-style-default\"><figure class=\"aligncenter size-large\"><img loading=\"lazy\" width=\"529\" height=\"1024\" src=\"https:\/\/kunstvermittlung.uni-erfurt.de\/ws20\/wp-content\/uploads\/2021\/03\/3CAB16ED-B6E9-466C-A21E-6BA23ED904E6-529x1024.jpeg\" alt=\"\" class=\"wp-image-347\" srcset=\"https:\/\/kunstvermittlung.uni-erfurt.de\/ws20\/wp-content\/uploads\/2021\/03\/3CAB16ED-B6E9-466C-A21E-6BA23ED904E6-529x1024.jpeg 529w, https:\/\/kunstvermittlung.uni-erfurt.de\/ws20\/wp-content\/uploads\/2021\/03\/3CAB16ED-B6E9-466C-A21E-6BA23ED904E6-155x300.jpeg 155w, https:\/\/kunstvermittlung.uni-erfurt.de\/ws20\/wp-content\/uploads\/2021\/03\/3CAB16ED-B6E9-466C-A21E-6BA23ED904E6-768x1486.jpeg 768w, https:\/\/kunstvermittlung.uni-erfurt.de\/ws20\/wp-content\/uploads\/2021\/03\/3CAB16ED-B6E9-466C-A21E-6BA23ED904E6-794x1536.jpeg 794w, https:\/\/kunstvermittlung.uni-erfurt.de\/ws20\/wp-content\/uploads\/2021\/03\/3CAB16ED-B6E9-466C-A21E-6BA23ED904E6-600x1161.jpeg 600w, https:\/\/kunstvermittlung.uni-erfurt.de\/ws20\/wp-content\/uploads\/2021\/03\/3CAB16ED-B6E9-466C-A21E-6BA23ED904E6.jpeg 826w\" sizes=\"(max-width: 529px) 100vw, 529px\" \/><\/figure><\/div>\n\n\n\n<p class=\"has-small-font-size\"><span class=\"has-inline-color has-light-gray-color\"><em>\u201eKreuzabnahme I\u201c, <\/em>1978- 1979, Mischtechnik auf Hartfaserplatte, 230 x 120 cm. Leihgabe und Foto: Museum der bildenden K\u00fcnste Leipzig. Leihgabe: Sammlung Ludwig GD362.<\/span><\/p>\n\n\n\n<hr class=\"wp-block-separator\"\/>\n\n\n\n<p>Sein Credo (= seine Glaubensbekenntnis) bez\u00fcglich des k\u00fcnstlerischen Erbes formuliert Stelzmann wie folgt:<\/p>\n\n\n\n<blockquote class=\"wp-block-quote is-style-default\"><p><strong><em>\u201cWir kommen doch nicht aus dem Nichts. Wir haben alle einem riesigen Batzen an Geschichten, die wir tragen, nur manche merken es nicht, wissen es nicht [\u2026]. Wenn ich diesem Riesengewicht meine 100 Gramm hinzuf\u00fcgen kann, denke ich, habe ich wirklich etwas gemacht, etwas Ernstzunehmendes. Der Berg der Tradition ist so ungeheuerlich, aber wenn ich noch etwas dazu tun kann, war es nicht umsonst. Das ist zwar ziemlich drastisch formuliert, aber so ist es.\u201c<\/em><\/strong><\/p><cite><span class=\"has-inline-color has-light-gray-color\">Volker Stelzmann, 2020. Im Katalog des Angermuseums Erfurt zur Ausstellung \u201eStadt &#8211; Werkstatt\u201c<\/span><\/cite><\/blockquote>\n\n\n\n<hr class=\"wp-block-separator\"\/>\n\n\n\n<h2><span style=\"color:#4ea300\" class=\"has-inline-color\">Ausstellung \u201eStadt- Werkstatt\u201c im Angermuseum Erfurt<\/span><\/h2>\n\n\n\n<p>Die Ausstellung \u201eStadt- Werkstatt\u201c, welche vom 30. August bis 15. November 2020 geplant stattfand, umfasste zahlreiche Gem\u00e4lde, Zeichnungen und Druckgrafiken. Durch die Kooperation des Angermuseums in Erfurt mit der Kunsthalle Schweinfurt und Peter Femferts DIE GALERIE in Frankfurt\/ Main wurde diese Schau der Werke Stelzmanns erm\u00f6glicht.<\/p>\n\n\n\n<hr class=\"wp-block-separator\"\/>\n\n\n\n<p><strong><span style=\"color:#4ea300\" class=\"has-inline-color\">Hier einige <\/span><\/strong><span style=\"color:#4ea300\" class=\"has-inline-color\"><strong>weitere Werke Stelzmanns<\/strong> <strong>aus der Ausstellung:<\/strong><\/span><\/p>\n\n\n\n<figure class=\"wp-block-image size-large is-style-default\"><img loading=\"lazy\" width=\"1024\" height=\"489\" src=\"https:\/\/kunstvermittlung.uni-erfurt.de\/ws20\/wp-content\/uploads\/2021\/03\/DB079B54-7B66-4009-BEBB-B1D57AB88F05-1024x489.jpeg\" alt=\"\" class=\"wp-image-377\" srcset=\"https:\/\/kunstvermittlung.uni-erfurt.de\/ws20\/wp-content\/uploads\/2021\/03\/DB079B54-7B66-4009-BEBB-B1D57AB88F05-1024x489.jpeg 1024w, https:\/\/kunstvermittlung.uni-erfurt.de\/ws20\/wp-content\/uploads\/2021\/03\/DB079B54-7B66-4009-BEBB-B1D57AB88F05-300x143.jpeg 300w, https:\/\/kunstvermittlung.uni-erfurt.de\/ws20\/wp-content\/uploads\/2021\/03\/DB079B54-7B66-4009-BEBB-B1D57AB88F05-768x367.jpeg 768w, https:\/\/kunstvermittlung.uni-erfurt.de\/ws20\/wp-content\/uploads\/2021\/03\/DB079B54-7B66-4009-BEBB-B1D57AB88F05-1200x573.jpeg 1200w, https:\/\/kunstvermittlung.uni-erfurt.de\/ws20\/wp-content\/uploads\/2021\/03\/DB079B54-7B66-4009-BEBB-B1D57AB88F05-600x287.jpeg 600w, https:\/\/kunstvermittlung.uni-erfurt.de\/ws20\/wp-content\/uploads\/2021\/03\/DB079B54-7B66-4009-BEBB-B1D57AB88F05.jpeg 1382w\" sizes=\"(max-width: 1024px) 100vw, 1024px\" \/><\/figure>\n\n\n\n<p class=\"has-small-font-size\"><span class=\"has-inline-color has-light-gray-color\">\u201e<em>Skelette\u201c,<\/em> 2002, Triptychon, 3 x 56 x 43 cm. Blatt 1: Skelette, eins sch\u00fcttet. Blatt 2: Skelette, kein F\u00e4hnrich. Blatt 3: Skelette mit Herkules und Kriegern, Herzdame. Tusche, Feder.<\/span><\/p>\n\n\n\n<hr class=\"wp-block-separator\"\/>\n\n\n\n<figure class=\"wp-block-image size-large is-style-default\"><img loading=\"lazy\" width=\"1024\" height=\"978\" src=\"https:\/\/kunstvermittlung.uni-erfurt.de\/ws20\/wp-content\/uploads\/2021\/03\/2CC34FE0-E642-4134-AE3C-B8D365E82693-1024x978.jpeg\" alt=\"\" class=\"wp-image-379\" srcset=\"https:\/\/kunstvermittlung.uni-erfurt.de\/ws20\/wp-content\/uploads\/2021\/03\/2CC34FE0-E642-4134-AE3C-B8D365E82693-1024x978.jpeg 1024w, https:\/\/kunstvermittlung.uni-erfurt.de\/ws20\/wp-content\/uploads\/2021\/03\/2CC34FE0-E642-4134-AE3C-B8D365E82693-300x287.jpeg 300w, https:\/\/kunstvermittlung.uni-erfurt.de\/ws20\/wp-content\/uploads\/2021\/03\/2CC34FE0-E642-4134-AE3C-B8D365E82693-768x733.jpeg 768w, https:\/\/kunstvermittlung.uni-erfurt.de\/ws20\/wp-content\/uploads\/2021\/03\/2CC34FE0-E642-4134-AE3C-B8D365E82693-1536x1467.jpeg 1536w, https:\/\/kunstvermittlung.uni-erfurt.de\/ws20\/wp-content\/uploads\/2021\/03\/2CC34FE0-E642-4134-AE3C-B8D365E82693-1200x1146.jpeg 1200w, https:\/\/kunstvermittlung.uni-erfurt.de\/ws20\/wp-content\/uploads\/2021\/03\/2CC34FE0-E642-4134-AE3C-B8D365E82693-600x573.jpeg 600w, https:\/\/kunstvermittlung.uni-erfurt.de\/ws20\/wp-content\/uploads\/2021\/03\/2CC34FE0-E642-4134-AE3C-B8D365E82693.jpeg 1600w\" sizes=\"(max-width: 1024px) 100vw, 1024px\" \/><\/figure>\n\n\n\n<p class=\"has-small-font-size\"><span class=\"has-inline-color has-light-gray-color\">\u201e<em>Herbst<\/em> <em>1975\u201c, <\/em>Mischtechnik auf Hartfaser, 70 x 71 cm. Lindenau- Museum Altenburg. Foto: Falko Behr<\/span><\/p>\n\n\n\n<hr class=\"wp-block-separator\"\/>\n\n\n\n<figure class=\"wp-block-image size-large is-style-default\"><img loading=\"lazy\" width=\"1024\" height=\"854\" src=\"https:\/\/kunstvermittlung.uni-erfurt.de\/ws20\/wp-content\/uploads\/2021\/03\/B305A065-EE1F-4BAF-93EB-807973E3E353-1024x854.jpeg\" alt=\"\" class=\"wp-image-374\" srcset=\"https:\/\/kunstvermittlung.uni-erfurt.de\/ws20\/wp-content\/uploads\/2021\/03\/B305A065-EE1F-4BAF-93EB-807973E3E353-1024x854.jpeg 1024w, https:\/\/kunstvermittlung.uni-erfurt.de\/ws20\/wp-content\/uploads\/2021\/03\/B305A065-EE1F-4BAF-93EB-807973E3E353-300x250.jpeg 300w, https:\/\/kunstvermittlung.uni-erfurt.de\/ws20\/wp-content\/uploads\/2021\/03\/B305A065-EE1F-4BAF-93EB-807973E3E353-768x641.jpeg 768w, https:\/\/kunstvermittlung.uni-erfurt.de\/ws20\/wp-content\/uploads\/2021\/03\/B305A065-EE1F-4BAF-93EB-807973E3E353-1536x1282.jpeg 1536w, https:\/\/kunstvermittlung.uni-erfurt.de\/ws20\/wp-content\/uploads\/2021\/03\/B305A065-EE1F-4BAF-93EB-807973E3E353-1200x1001.jpeg 1200w, https:\/\/kunstvermittlung.uni-erfurt.de\/ws20\/wp-content\/uploads\/2021\/03\/B305A065-EE1F-4BAF-93EB-807973E3E353-600x501.jpeg 600w, https:\/\/kunstvermittlung.uni-erfurt.de\/ws20\/wp-content\/uploads\/2021\/03\/B305A065-EE1F-4BAF-93EB-807973E3E353.jpeg 1600w\" sizes=\"(max-width: 1024px) 100vw, 1024px\" \/><\/figure>\n\n\n\n<p class=\"has-small-font-size\"><span class=\"has-inline-color has-light-gray-color\">\u201e<em>Stadtzelt<\/em>\u201c, 2014, Mischtechnik auf Nessel auf MDF-Platte, 100 x 120 cm. Leihgabe: Privatbesitz. Foto: Ilona Ripke, Berlin.<\/span><\/p>\n\n\n\n<hr class=\"wp-block-separator\"\/>\n\n\n\n<figure class=\"wp-block-image size-large is-style-default\"><img loading=\"lazy\" width=\"1024\" height=\"670\" src=\"https:\/\/kunstvermittlung.uni-erfurt.de\/ws20\/wp-content\/uploads\/2021\/03\/9D29209A-5247-4E37-B6E0-5C2C558097BE-1024x670.jpeg\" alt=\"\" class=\"wp-image-442\" srcset=\"https:\/\/kunstvermittlung.uni-erfurt.de\/ws20\/wp-content\/uploads\/2021\/03\/9D29209A-5247-4E37-B6E0-5C2C558097BE-1024x670.jpeg 1024w, https:\/\/kunstvermittlung.uni-erfurt.de\/ws20\/wp-content\/uploads\/2021\/03\/9D29209A-5247-4E37-B6E0-5C2C558097BE-300x196.jpeg 300w, https:\/\/kunstvermittlung.uni-erfurt.de\/ws20\/wp-content\/uploads\/2021\/03\/9D29209A-5247-4E37-B6E0-5C2C558097BE-768x502.jpeg 768w, https:\/\/kunstvermittlung.uni-erfurt.de\/ws20\/wp-content\/uploads\/2021\/03\/9D29209A-5247-4E37-B6E0-5C2C558097BE-1200x785.jpeg 1200w, https:\/\/kunstvermittlung.uni-erfurt.de\/ws20\/wp-content\/uploads\/2021\/03\/9D29209A-5247-4E37-B6E0-5C2C558097BE-600x392.jpeg 600w, https:\/\/kunstvermittlung.uni-erfurt.de\/ws20\/wp-content\/uploads\/2021\/03\/9D29209A-5247-4E37-B6E0-5C2C558097BE.jpeg 1202w\" sizes=\"(max-width: 1024px) 100vw, 1024px\" \/><\/figure>\n\n\n\n<p class=\"has-small-font-size\"><span class=\"has-inline-color has-light-gray-color\">\u201e<em>Vorfr\u00fchling\u201c, <\/em>2017, Mischtechnik auf MDF- Platte, 100 x 150 cm. Leihgabe: Privatbesitz. Foto: Ilona Ripke, Berlin.<\/span><\/p>\n\n\n\n<p><em><br><\/em><span style=\"color:#4ea300\" class=\"has-inline-color\"><strong>Kli<\/strong><\/span><span style=\"color:#4ea300\" class=\"has-inline-color\"><strong>cke den folgenden Button, um auf die K\u00fcnstlerseite von Volker Stelzmann zu gelangen:<\/strong><\/span><\/p>\n\n\n\n<div class=\"wp-block-buttons\">\n<div class=\"wp-block-button is-style-outline\"><a class=\"wp-block-button__link\" href=\"https:\/\/www.volkerstelzmann.de\/Bilder.0.6.1.html\" style=\"border-radius:15px\" target=\"_blank\" rel=\"noreferrer noopener\">Website Volker Stelzmann<\/a><\/div>\n<\/div>\n\n\n\n<div class=\"wp-block-media-text alignwide is-stacked-on-mobile\" style=\"grid-template-columns:48% auto\"><figure class=\"wp-block-media-text__media\"><img loading=\"lazy\" width=\"700\" height=\"350\" src=\"https:\/\/kunstvermittlung.uni-erfurt.de\/ws20\/wp-content\/uploads\/2021\/03\/4122B7CD-2979-42E5-94F4-1ED192EFCB43.jpeg\" alt=\"\" class=\"wp-image-1112 size-full\" srcset=\"https:\/\/kunstvermittlung.uni-erfurt.de\/ws20\/wp-content\/uploads\/2021\/03\/4122B7CD-2979-42E5-94F4-1ED192EFCB43.jpeg 700w, https:\/\/kunstvermittlung.uni-erfurt.de\/ws20\/wp-content\/uploads\/2021\/03\/4122B7CD-2979-42E5-94F4-1ED192EFCB43-300x150.jpeg 300w, https:\/\/kunstvermittlung.uni-erfurt.de\/ws20\/wp-content\/uploads\/2021\/03\/4122B7CD-2979-42E5-94F4-1ED192EFCB43-600x300.jpeg 600w\" sizes=\"(max-width: 700px) 100vw, 700px\" \/><\/figure><div class=\"wp-block-media-text__content\">\n<p><span style=\"color:#4ea300\" class=\"has-inline-color\">Weitere Informationen zur Ausstellung:<\/span><\/p>\n\n\n\n<p>Angermuseum Erfurt &#8211; Kunstmuseum der Landeshauptstadt<br><br>Anger 18<br>99084 Erfurt<\/p>\n\n\n\n<p>Kontakt<br>Tel. 0361 655- 1651<br><a rel=\"noreferrer noopener\" href=\"https:\/\/kunstmuseen.erfurt.de\/km\/de\/angermuseum\/index.html\" target=\"_blank\">https:\/\/kunstmuseen.erfurt.de\/km\/de\/angermuseum\/index.html<\/a><\/p>\n<\/div><\/div>\n","protected":false},"excerpt":{"rendered":"<p>\u201cSelbstbildnis, linkes Auge geschlossen\u201c, 2015, Mischtechnik auf MDF- Platte, 68 x 52 cm. Foto: Privatbesitz Stelzmann. Neben seinen Atelierbildern entstehen auch Selbstbildnisse, die Stelzmanns Befragung zur eigenen Position und den Konstellationen, denen er sich als K\u00fcnstler unserer Zeit ausgesetzt f\u00fchlt, widerspiegelt. Er richtet sein Augenmerk auf den Menschen in seiner urban- modernen Verfassung, dazu nutzt [&hellip;]<\/p>\n","protected":false},"author":1,"featured_media":0,"parent":0,"menu_order":0,"comment_status":"closed","ping_status":"closed","template":"","meta":[],"_links":{"self":[{"href":"https:\/\/kunstvermittlung.uni-erfurt.de\/ws20\/wp-json\/wp\/v2\/pages\/217"}],"collection":[{"href":"https:\/\/kunstvermittlung.uni-erfurt.de\/ws20\/wp-json\/wp\/v2\/pages"}],"about":[{"href":"https:\/\/kunstvermittlung.uni-erfurt.de\/ws20\/wp-json\/wp\/v2\/types\/page"}],"author":[{"embeddable":true,"href":"https:\/\/kunstvermittlung.uni-erfurt.de\/ws20\/wp-json\/wp\/v2\/users\/1"}],"replies":[{"embeddable":true,"href":"https:\/\/kunstvermittlung.uni-erfurt.de\/ws20\/wp-json\/wp\/v2\/comments?post=217"}],"version-history":[{"count":114,"href":"https:\/\/kunstvermittlung.uni-erfurt.de\/ws20\/wp-json\/wp\/v2\/pages\/217\/revisions"}],"predecessor-version":[{"id":1471,"href":"https:\/\/kunstvermittlung.uni-erfurt.de\/ws20\/wp-json\/wp\/v2\/pages\/217\/revisions\/1471"}],"wp:attachment":[{"href":"https:\/\/kunstvermittlung.uni-erfurt.de\/ws20\/wp-json\/wp\/v2\/media?parent=217"}],"curies":[{"name":"wp","href":"https:\/\/api.w.org\/{rel}","templated":true}]}}