{"id":55,"date":"2020-07-15T14:42:23","date_gmt":"2020-07-15T12:42:23","guid":{"rendered":"https:\/\/kunstvermittlung.uni-erfurt.de\/?page_id=55"},"modified":"2020-10-05T18:55:45","modified_gmt":"2020-10-05T16:55:45","slug":"m-kreissler-j-simon-wieland-foerster","status":"publish","type":"page","link":"https:\/\/kunstvermittlung.uni-erfurt.de\/ss20\/m-kreissler-j-simon-wieland-foerster\/","title":{"rendered":"Wieland F\u00f6rster &#8211; Skulpturen verfremdet"},"content":{"rendered":"\n<p class=\"has-text-align-center has-large-font-size\"><em>Ein Projekt von Mara Krei\u00dfler und Julia Simon<\/em><\/p>\n\n\n\n<p>Im Rahmen der Ausstellung \u201eWieland F\u00f6rster &#8211; Skulpturen und Zeichnungen\u201c findet ihr auf dieser Seite das Projekt <strong><em>\u201eSkulpturen verfremdet\u201c<\/em><\/strong>, das speziell f\u00fcr Jugendliche entwickelt wurde. Zun\u00e4chst soll das Einf\u00fchrungsvideo zur Biografie und zum Werk des K\u00fcnstlers angesehen werden. Nach dieser kurzen Einf\u00fchrung folgen vier verschiedene Videos, die auf unterschiedliche Art und Weise verfremdet wurden. Sicherlich fragt ihr euch, was eine Verfremdung ist. Bei der <strong>Verfremdung<\/strong> wird ein Objekt wie etwa eine Skulptur auf eine Art und Weise dargestellt, dass es ungewohnt und oft auf den ersten Blick nicht erkennbar erscheint. Damit werden eure Wahrnehmungen irritiert und Einordnungen in bekannte Schemata verhindert. Stattdessen kommt es zu einer bewussten, aktiven Wahrnehmung, die zu neuen Deutungen des Unbekannten f\u00fchrt. Neben den verfremdeten Skulpturen k\u00f6nnt ihr auch Geschichten lauschen, welche die vorgestellten Werke n\u00e4her beleuchten. Es werden Fragen gestellt, die euch zum Nachdenken, aber auch kreativen Tun anregen sollen. Am Ende k\u00f6nnt ihr gerne an einer Abstimmung f\u00fcr eure favorisierte Verfremdungsart teilnehmen und mithilfe der Kommentarfunktion mit anderen Besuchern in den Austausch gehen, Fragen stellen oder eigene k\u00fcnstlerische Produktionen vorstellen.<\/p>\n\n\n\n<div class=\"is-layout-flex wp-block-buttons\">\n<div class=\"wp-block-button\"><a class=\"wp-block-button__link\" href=\"https:\/\/kunstvermittlung.uni-erfurt.de\/expertinnen-ecke-m-kreissler-j-simon\/\">Expert:innen Ecke M. Krei\u00dfler<\/a><\/div>\n\n\n\n<div class=\"wp-block-button\"><a class=\"wp-block-button__link\" href=\"https:\/\/kunstvermittlung.uni-erfurt.de\/expertinnen-ecke-j-simon\/\">Expert:innen ecke j. Simon<\/a><\/div>\n<\/div>\n\n\n\n<div class=\"is-layout-flex wp-container-4 wp-block-columns alignfull\">\n<div class=\"is-layout-flow wp-block-column\" style=\"flex-basis:50%\">\n<figure class=\"wp-block-embed-youtube alignfull wp-block-embed is-type-video is-provider-youtube wp-embed-aspect-16-9 wp-has-aspect-ratio\"><div class=\"wp-block-embed__wrapper\">\n<iframe loading=\"lazy\" title=\"Arkadischer Akt 1968\" width=\"580\" height=\"326\" src=\"https:\/\/www.youtube.com\/embed\/NLVCe_Jsfq8?feature=oembed\" frameborder=\"0\" allow=\"accelerometer; autoplay; clipboard-write; encrypted-media; gyroscope; picture-in-picture\" allowfullscreen><\/iframe>\n<\/div><figcaption><span class=\"has-inline-color has-primary-color\">Video zum <em>&#8222;Arkadischen Akt&#8220;<\/em> 1968<\/span><\/figcaption><\/figure>\n\n\n\n<figure class=\"wp-block-embed-youtube alignfull wp-block-embed is-type-video is-provider-youtube wp-embed-aspect-16-9 wp-has-aspect-ratio\"><div class=\"wp-block-embed__wrapper\">\n<iframe loading=\"lazy\" title=\"Kleiner trauernder Mann 1973 - 1974\" width=\"580\" height=\"326\" src=\"https:\/\/www.youtube.com\/embed\/eCAAb2lE7QU?feature=oembed\" frameborder=\"0\" allow=\"accelerometer; autoplay; clipboard-write; encrypted-media; gyroscope; picture-in-picture\" allowfullscreen><\/iframe>\n<\/div><figcaption><span class=\"has-inline-color has-primary-color\">Video zum <em>&#8222;Kleinen trauernden Mann&#8220;<\/em> 1973-1974<\/span><\/figcaption><\/figure>\n\n\n\n<p><\/p>\n<\/div>\n\n\n\n<div class=\"is-layout-flow wp-block-column\" style=\"flex-basis:50%\">\n<figure class=\"wp-block-embed-youtube alignfull wp-block-embed is-type-video is-provider-youtube wp-embed-aspect-16-9 wp-has-aspect-ratio\"><div class=\"wp-block-embed__wrapper\">\n<iframe loading=\"lazy\" title=\"Drehbewegung zu &quot;Arkadischer Akt&quot; 1968\" width=\"580\" height=\"326\" src=\"https:\/\/www.youtube.com\/embed\/n4_S4kUTIs4?feature=oembed\" frameborder=\"0\" allow=\"accelerometer; autoplay; clipboard-write; encrypted-media; gyroscope; picture-in-picture\" allowfullscreen><\/iframe>\n<\/div><figcaption><span class=\"has-inline-color has-primary-color\">Video zur <em>&#8222;Drehbewegung zum Arkadischen Akt&#8220;<\/em> 1968<\/span><\/figcaption><\/figure>\n\n\n\n<figure class=\"wp-block-embed-youtube alignfull wp-block-embed is-type-video is-provider-youtube wp-embed-aspect-16-9 wp-has-aspect-ratio\"><div class=\"wp-block-embed__wrapper\">\n<iframe loading=\"lazy\" title=\"Mittlere Daphne I 1995\" width=\"580\" height=\"326\" src=\"https:\/\/www.youtube.com\/embed\/54PUARDS6-g?feature=oembed\" frameborder=\"0\" allow=\"accelerometer; autoplay; clipboard-write; encrypted-media; gyroscope; picture-in-picture\" allowfullscreen><\/iframe>\n<\/div><figcaption><span class=\"has-inline-color has-primary-color\">Video zur <em>&#8222;Mittleren Daphne I&#8220; <\/em>1995<\/span><\/figcaption><\/figure>\n\n\n\n<p><\/p>\n<\/div>\n<\/div>\n\n\n\n<p class=\"has-large-font-size\"><strong>Welche Verfremdungsart inspiriert euch am meisten und warum?<\/strong> Schreibt uns gerne eure Meinung unter die Videos in die Kommentare.<\/p>\n\n\n\n<p class=\"has-large-font-size\"><strong>Wir freuen uns auf eure Ideen!<\/strong><\/p>\n\n\n\n<p class=\"has-large-font-size\">Hier findet Ihr den Link zu unserer Abstimmung f\u00fcr euren Favoriten der Verfremdungsart:<br><em>https:\/\/www.umfrageonline.com\/s\/2a04cb1<\/em><\/p>\n\n\n\n<p><\/p>\n","protected":false},"excerpt":{"rendered":"<p>Ein Projekt von Mara Krei\u00dfler und Julia Simon Im Rahmen der Ausstellung \u201eWieland F\u00f6rster &#8211; Skulpturen und Zeichnungen\u201c findet ihr auf dieser Seite das Projekt \u201eSkulpturen verfremdet\u201c, das speziell f\u00fcr Jugendliche entwickelt wurde. Zun\u00e4chst soll das Einf\u00fchrungsvideo zur Biografie und zum Werk des K\u00fcnstlers angesehen werden. Nach dieser kurzen Einf\u00fchrung folgen vier verschiedene Videos, die [&hellip;]<\/p>\n","protected":false},"author":1,"featured_media":0,"parent":0,"menu_order":0,"comment_status":"open","ping_status":"closed","template":"","meta":[],"_links":{"self":[{"href":"https:\/\/kunstvermittlung.uni-erfurt.de\/ss20\/wp-json\/wp\/v2\/pages\/55"}],"collection":[{"href":"https:\/\/kunstvermittlung.uni-erfurt.de\/ss20\/wp-json\/wp\/v2\/pages"}],"about":[{"href":"https:\/\/kunstvermittlung.uni-erfurt.de\/ss20\/wp-json\/wp\/v2\/types\/page"}],"author":[{"embeddable":true,"href":"https:\/\/kunstvermittlung.uni-erfurt.de\/ss20\/wp-json\/wp\/v2\/users\/1"}],"replies":[{"embeddable":true,"href":"https:\/\/kunstvermittlung.uni-erfurt.de\/ss20\/wp-json\/wp\/v2\/comments?post=55"}],"version-history":[{"count":56,"href":"https:\/\/kunstvermittlung.uni-erfurt.de\/ss20\/wp-json\/wp\/v2\/pages\/55\/revisions"}],"predecessor-version":[{"id":1069,"href":"https:\/\/kunstvermittlung.uni-erfurt.de\/ss20\/wp-json\/wp\/v2\/pages\/55\/revisions\/1069"}],"wp:attachment":[{"href":"https:\/\/kunstvermittlung.uni-erfurt.de\/ss20\/wp-json\/wp\/v2\/media?parent=55"}],"curies":[{"name":"wp","href":"https:\/\/api.w.org\/{rel}","templated":true}]}}