{"id":499,"date":"2020-09-01T12:02:49","date_gmt":"2020-09-01T10:02:49","guid":{"rendered":"https:\/\/kunstvermittlung.uni-erfurt.de\/?page_id=499"},"modified":"2020-09-17T11:32:53","modified_gmt":"2020-09-17T09:32:53","slug":"499-2","status":"publish","type":"page","link":"https:\/\/kunstvermittlung.uni-erfurt.de\/ss20\/499-2\/","title":{"rendered":"Ist das ein Pferd am Abendhimmel?"},"content":{"rendered":"\n<figure class=\"wp-block-image size-large is-resized\"><img decoding=\"async\" loading=\"lazy\" src=\"https:\/\/kunstvermittlung.uni-erfurt.de\/wp-content\/uploads\/2020\/09\/61-2-759x1024.jpg\" alt=\"\" class=\"wp-image-541\" width=\"397\" height=\"535\" srcset=\"https:\/\/kunstvermittlung.uni-erfurt.de\/ss20\/wp-content\/uploads\/2020\/09\/61-2-759x1024.jpg 759w, https:\/\/kunstvermittlung.uni-erfurt.de\/ss20\/wp-content\/uploads\/2020\/09\/61-2-222x300.jpg 222w, https:\/\/kunstvermittlung.uni-erfurt.de\/ss20\/wp-content\/uploads\/2020\/09\/61-2-768x1036.jpg 768w, https:\/\/kunstvermittlung.uni-erfurt.de\/ss20\/wp-content\/uploads\/2020\/09\/61-2-1139x1536.jpg 1139w, https:\/\/kunstvermittlung.uni-erfurt.de\/ss20\/wp-content\/uploads\/2020\/09\/61-2.jpg 1186w\" sizes=\"(max-width: 397px) 100vw, 397px\" \/><\/figure>\n\n\n\n<figure class=\"wp-block-audio\"><audio controls src=\"https:\/\/kunstvermittlung.uni-erfurt.de\/wp-content\/uploads\/2020\/09\/3LAnsichten_von_ParisBunt_Romeo8-online-audio-converter.com_.mp3\"><\/audio><figcaption>Marc Chagall, \u201ePlace de la Concorde\u201c (Ansichten von Paris) &#8211; Farblithografie 1960 \u00a9VG Bild-Kunst, Bonn 2020<br><br>Musik &#8211; Romeo Wecks<\/figcaption><\/figure>\n\n\n\n<hr class=\"wp-block-separator\"\/>\n\n\n\n<figure class=\"wp-block-image size-large is-resized\"><img decoding=\"async\" loading=\"lazy\" src=\"https:\/\/kunstvermittlung.uni-erfurt.de\/wp-content\/uploads\/2020\/09\/chagall2217-1.jpg\" alt=\"\" class=\"wp-image-542\" width=\"411\" height=\"556\" srcset=\"https:\/\/kunstvermittlung.uni-erfurt.de\/ss20\/wp-content\/uploads\/2020\/09\/chagall2217-1.jpg 538w, https:\/\/kunstvermittlung.uni-erfurt.de\/ss20\/wp-content\/uploads\/2020\/09\/chagall2217-1-222x300.jpg 222w\" sizes=\"(max-width: 411px) 100vw, 411px\" \/><\/figure>\n\n\n\n<figure class=\"wp-block-audio\"><audio controls src=\"https:\/\/kunstvermittlung.uni-erfurt.de\/wp-content\/uploads\/2020\/08\/4_Der_Hahn_ueber_Paris_Romeo3.mp3\"><\/audio><figcaption>Marc Chagall, \u201eLe Coq sur Paris\u201c (Der Hahn \u00fcber Paris) &#8211; Farblithografie 1958 \u00a9VG Bild-Kunst, Bonn 2020<br><br>Musik &#8211; Romeo Wecks<\/figcaption><\/figure>\n\n\n\n<hr class=\"wp-block-separator\"\/>\n\n\n\n<figure class=\"wp-block-image size-large is-resized\"><img decoding=\"async\" loading=\"lazy\" src=\"https:\/\/kunstvermittlung.uni-erfurt.de\/wp-content\/uploads\/2020\/09\/vp1-2-1-1024x684.jpg\" alt=\"\" class=\"wp-image-543\" width=\"411\" height=\"274\" srcset=\"https:\/\/kunstvermittlung.uni-erfurt.de\/ss20\/wp-content\/uploads\/2020\/09\/vp1-2-1-1024x684.jpg 1024w, https:\/\/kunstvermittlung.uni-erfurt.de\/ss20\/wp-content\/uploads\/2020\/09\/vp1-2-1-300x200.jpg 300w, https:\/\/kunstvermittlung.uni-erfurt.de\/ss20\/wp-content\/uploads\/2020\/09\/vp1-2-1-768x513.jpg 768w, https:\/\/kunstvermittlung.uni-erfurt.de\/ss20\/wp-content\/uploads\/2020\/09\/vp1-2-1-1200x801.jpg 1200w, https:\/\/kunstvermittlung.uni-erfurt.de\/ss20\/wp-content\/uploads\/2020\/09\/vp1-2-1.jpg 1486w\" sizes=\"(max-width: 411px) 100vw, 411px\" \/><\/figure>\n\n\n\n<figure class=\"wp-block-audio\"><audio controls src=\"https:\/\/kunstvermittlung.uni-erfurt.de\/wp-content\/uploads\/2020\/08\/5_Vision_von_Paris_Fertig_Mit_Romeo-online-audio-converter.com-1.mp3\"><\/audio><figcaption>Marc Chagall, \u201eVision de Paris\u201c (Vision von Paris) &#8211; Lithographie 1952 \u00a9VG Bild-Kunst, Bonn 2020<br><br>Musik &#8211; Romeo Wecks<\/figcaption><\/figure>\n\n\n\n<hr class=\"wp-block-separator\"\/>\n\n\n\n<p class=\"has-text-align-center\"><strong>Damit nimmt unsere Traumreise durch Chagalls Bilder auch schon ihr Ende. Danke f\u00fcrs Mitmachen!<\/strong><\/p>\n\n\n\n<p class=\"has-text-align-center\"><strong>Du willst noch mehr entdecken ? Dann beginne die Reise doch einfach nochmal. Jede Entscheidung ver\u00e4ndert die Geschichte!<\/strong> <\/p>\n\n\n\n<p class=\"has-text-align-center\"><strong>Dr\u00fccke auf das blaue Feld<\/strong> <strong>!<\/strong><\/p>\n\n\n\n<div class=\"is-layout-flex wp-block-buttons\">\n<div class=\"wp-block-button\"><a class=\"wp-block-button__link\" href=\"https:\/\/kunstvermittlung.uni-erfurt.de\/m-heinz-h-park-w-stock-marc-chagall-2\/\">ICH MACHE ES NOCHMAL VON VORNE!<\/a><\/div>\n<\/div>\n","protected":false},"excerpt":{"rendered":"<p>Damit nimmt unsere Traumreise durch Chagalls Bilder auch schon ihr Ende. Danke f\u00fcrs Mitmachen! Du willst noch mehr entdecken ? Dann beginne die Reise doch einfach nochmal. Jede Entscheidung ver\u00e4ndert die Geschichte! Dr\u00fccke auf das blaue Feld !<\/p>\n","protected":false},"author":12,"featured_media":0,"parent":0,"menu_order":0,"comment_status":"closed","ping_status":"closed","template":"","meta":[],"_links":{"self":[{"href":"https:\/\/kunstvermittlung.uni-erfurt.de\/ss20\/wp-json\/wp\/v2\/pages\/499"}],"collection":[{"href":"https:\/\/kunstvermittlung.uni-erfurt.de\/ss20\/wp-json\/wp\/v2\/pages"}],"about":[{"href":"https:\/\/kunstvermittlung.uni-erfurt.de\/ss20\/wp-json\/wp\/v2\/types\/page"}],"author":[{"embeddable":true,"href":"https:\/\/kunstvermittlung.uni-erfurt.de\/ss20\/wp-json\/wp\/v2\/users\/12"}],"replies":[{"embeddable":true,"href":"https:\/\/kunstvermittlung.uni-erfurt.de\/ss20\/wp-json\/wp\/v2\/comments?post=499"}],"version-history":[{"count":16,"href":"https:\/\/kunstvermittlung.uni-erfurt.de\/ss20\/wp-json\/wp\/v2\/pages\/499\/revisions"}],"predecessor-version":[{"id":796,"href":"https:\/\/kunstvermittlung.uni-erfurt.de\/ss20\/wp-json\/wp\/v2\/pages\/499\/revisions\/796"}],"wp:attachment":[{"href":"https:\/\/kunstvermittlung.uni-erfurt.de\/ss20\/wp-json\/wp\/v2\/media?parent=499"}],"curies":[{"name":"wp","href":"https:\/\/api.w.org\/{rel}","templated":true}]}}