{"id":1331,"date":"2020-11-10T12:20:17","date_gmt":"2020-11-10T11:20:17","guid":{"rendered":"https:\/\/kunstvermittlung.uni-erfurt.de\/?page_id=1331"},"modified":"2020-11-10T17:54:08","modified_gmt":"2020-11-10T16:54:08","slug":"kuratorisches-konzept","status":"publish","type":"page","link":"https:\/\/kunstvermittlung.uni-erfurt.de\/ss20\/kuratorisches-konzept\/","title":{"rendered":"KURATORISCHES KONZEPT"},"content":{"rendered":"\n<p class=\"has-text-align-left\">Die Inspiration zum Titel \u201eHandz\u00fcge\u201c gab wohl ein Radiobeitrag \u00fcber das gegenl\u00e4ufige Ziehen von Kirchenglocken, welches sich von den Bewegungen, die die K\u00fcnstlerin bei der Erschaffung ihrer Werke aus\u00fcbt, gar nicht so stark unterscheidet. <\/p>\n\n\n\n<p class=\"has-text-align-left\">Gef\u00f6rdert wurde die Ausstellung vom <a href=\"https:\/\/www.erfurter-kunstverein.de\/\" target=\"_blank\" rel=\"noreferrer noopener\">Erfurter Kunstverein<\/a> sowie von der erfahrenen Kuratorin Fr. Knorr dem vielf\u00e4ltigen Publikum nahegebracht. Sie war es auch, die uns darauf aufmerksam machte, dass die Werke der K\u00fcnstlerin letztendlich doch nur analog wahrhaft begreifbar bleiben.<\/p>\n","protected":false},"excerpt":{"rendered":"<p>Die Inspiration zum Titel \u201eHandz\u00fcge\u201c gab wohl ein Radiobeitrag \u00fcber das gegenl\u00e4ufige Ziehen von Kirchenglocken, welches sich von den Bewegungen, die die K\u00fcnstlerin bei der Erschaffung ihrer Werke aus\u00fcbt, gar nicht so stark unterscheidet. Gef\u00f6rdert wurde die Ausstellung vom Erfurter Kunstverein sowie von der erfahrenen Kuratorin Fr. Knorr dem vielf\u00e4ltigen Publikum nahegebracht. Sie war es [&hellip;]<\/p>\n","protected":false},"author":3,"featured_media":0,"parent":0,"menu_order":0,"comment_status":"closed","ping_status":"closed","template":"","meta":[],"_links":{"self":[{"href":"https:\/\/kunstvermittlung.uni-erfurt.de\/ss20\/wp-json\/wp\/v2\/pages\/1331"}],"collection":[{"href":"https:\/\/kunstvermittlung.uni-erfurt.de\/ss20\/wp-json\/wp\/v2\/pages"}],"about":[{"href":"https:\/\/kunstvermittlung.uni-erfurt.de\/ss20\/wp-json\/wp\/v2\/types\/page"}],"author":[{"embeddable":true,"href":"https:\/\/kunstvermittlung.uni-erfurt.de\/ss20\/wp-json\/wp\/v2\/users\/3"}],"replies":[{"embeddable":true,"href":"https:\/\/kunstvermittlung.uni-erfurt.de\/ss20\/wp-json\/wp\/v2\/comments?post=1331"}],"version-history":[{"count":3,"href":"https:\/\/kunstvermittlung.uni-erfurt.de\/ss20\/wp-json\/wp\/v2\/pages\/1331\/revisions"}],"predecessor-version":[{"id":1372,"href":"https:\/\/kunstvermittlung.uni-erfurt.de\/ss20\/wp-json\/wp\/v2\/pages\/1331\/revisions\/1372"}],"wp:attachment":[{"href":"https:\/\/kunstvermittlung.uni-erfurt.de\/ss20\/wp-json\/wp\/v2\/media?parent=1331"}],"curies":[{"name":"wp","href":"https:\/\/api.w.org\/{rel}","templated":true}]}}